Let o(g) = 770*g + 8. Determine o(0).
8
Let a(q) = -q**3 + 23*q**2 - 78*q - 58. Determine a(5).
2
Let y(c) = 40*c + 59. What is y(3)?
179
Let u(y) = 390*y - 18331. Determine u(47).
-1
Let n(k) = -k**3 - 8*k**2 - 88*k - 583. Determine n(-7).
-16
Let h(c) = -c**2 + 17*c - 101. Calculate h(9).
-29
Let y(m) = m**3 - 98*m**2 + 96*m + 82. What is y(97)?
-15
Let c(y) = 2*y**3 + 20*y**2 + 3*y - 31. Give c(-10).
-61
Let r(t) = 519*t + 2586. Determine r(-5).
-9
Let f(v) = -v**3 - 14*v**2 - 21*v - 3. Determine f(-2).
-9
Let c(v) = v**3 + 10*v**2 + 27*v + 15. Determine c(-6).
-3
Let f(i) = -5*i**3 + 20*i**2 - 21*i + 228. What is f(5)?
-2
Let n(a) = -a**3 - 30*a**2 - 43*a + 54. What is n(-28)?
-310
Let j(r) = -23*r - 76. Calculate j(-5).
39
Let j(d) = -1237*d - 13546. Give j(-11).
61
Let m(d) = -13*d + 65. What is m(9)?
-52
Let z(a) = 765*a + 4634. What is z(-6)?
44
Let f(q) = -2*q**2 - 12*q + 136. Give f(-22).
-568
Let a(h) = -h**3 - h**2 - 2*h - 140. What is a(0)?
-140
Let w(k) = 2*k**3 + 74*k**2 + 142*k + 29. Determine w(-35).
-41
Let h(u) = -76*u - 33. Determine h(3).
-261
Let z(v) = -375*v - 6372. Determine z(-17).
3
Let v(j) = -14*j + 287. Calculate v(17).
49
Let k(l) = 2*l**3 - 19*l**2 - 390*l - 22. Give k(-10).
-22
Let x(f) = -f**2 + 24*f + 613. Give x(39).
28
Let f(o) = -2*o**3 + 19*o**2 + 34*o - 460. Calculate f(8).
4
Let i(l) = -211*l - 28490. Determine i(-135).
-5
Let o(r) = -r**3 - 49*r**2 - 91*r + 134. What is o(-47)?
-7
Let o(t) = -t**3 + 36*t**2 - 284*t + 95. Give o(24).
191
Let k(z) = -72*z**2 - 82*z + 82. Calculate k(1).
-72
Let t(n) = n**2 - 29*n + 229. What is t(17)?
25
Let t(p) = p**2 - 27*p - 280. Determine t(35).
0
Let r(w) = -2*w**3 - 14*w**2 + 7*w + 47. What is r(-8)?
119
Let l(a) = -a**3 + 6*a**2 - 23*a + 79. Calculate l(5).
-11
Let y(q) = -q**3 - 22*q**2 - 38*q + 33. What is y(-20)?
-7
Let r(b) = 4*b**2 - 47*b - 1654. Give r(27).
-7
Let v(b) = -1005*b**2 + 6026*b + 14. What is v(6)?
-10
Let u(p) = -6*p**2 + 79*p + 7. Determine u(11).
150
Let h(f) = 4*f**2 + 8*f - 11. What is h(5)?
129
Let t(p) = -3*p - 20. Calculate t(7).
-41
Let g(q) = -13*q**2 - 73*q + 17. What is g(-8)?
-231
Let m(g) = -137*g - 5075. Give m(-38).
131
Let c(d) = 187*d - 1498. Determine c(8).
-2
Let k(a) = a**2 + 15*a + 20. Determine k(-10).
-30
Let s(r) = -3101*r - 43420. Determine s(-14).
-6
Let s(f) = -519*f + 23855. Calculate s(46).
-19
Let d(i) = -i**3 + 5*i**2 + 4*i - 12. Determine d(7).
-82
Let m(s) = 19*s - 70. Determine m(7).
63
Let y(p) = -404*p + 1168. What is y(3)?
-44
Let l(d) = -33*d - 660. What is l(-9)?
-363
Let y(v) = -v - 135. Determine y(-20).
-115
Let a(j) = -j**3 + 4*j**2 + 23*j - 7. Give a(7).
7
Let o(z) = -335*z - 3354. Give o(-10).
-4
Let o(p) = p**2 + 12*p + 16. Calculate o(-10).
-4
Let n(g) = -172*g - 166. Determine n(-1).
6
Let h(b) = b**3 + 24*b**2 + 113*b - 109. Calculate h(-17).
-7
Let s(i) = i**3 + 212*i**2 - 611*i + 7315. Determine s(-215).
5
Let v(f) = f**3 - 11*f**2 - 25*f + 8. What is v(13)?
21
Let z(w) = -4*w**2 + w + 36. What is z(0)?
36
Let q(r) = -11*r**2 + 71*r + 16. Give q(7).
-26
Let z(a) = 395*a - 3945. Calculate z(10).
5
Let j(m) = 163*m**2 + 180*m + 9. Give j(-1).
-8
Let c(v) = -10*v**2 - 86*v - 58. Calculate c(-11).
-322
Let n(f) = -f - 83. Determine n(41).
-124
Let x(p) = 188*p - 1157. What is x(6)?
-29
Let y(n) = n**2 - 23*n + 2. Give y(22).
-20
Let p(a) = a**2 - 39*a + 94. Give p(27).
-230
Let t(p) = 23*p - 2490. Determine t(108).
-6
Let b(t) = -908*t - 6043. Give b(-7).
313
Let i(o) = -136*o**2 + 88*o - 87. Calculate i(1).
-135
Let c(o) = 71*o - 709. Give c(10).
1
Let s(m) = 35*m**2 - 30*m + 13. Calculate s(1).
18
Let f(r) = 25*r - 77. Give f(1).
-52
Let y(q) = -2*q**3 - 49*q**2 + 31*q + 143. Calculate y(-25).
-7
Let f(d) = -2*d**3 - 24*d**2 - 55*d + 79. What is f(-5)?
4
Let s(w) = w**3 + 3*w**2 - 6*w - 16. What is s(-2)?
0
Let m(s) = -28*s - 503. Determine m(-18).
1
Let y(q) = -827*q + 811. Give y(1).
-16
Let k(z) = 20*z**2 - 4*z - 4. Determine k(-2).
84
Let n(r) = 4*r + 193. Calculate n(-42).
25
Let a(f) = -16*f**3 + 3*f**2 - 6*f + 6. Determine a(2).
-122
Let u(j) = -j**3 - 11*j**2 - 27*j - 8. What is u(-11)?
289
Let c(p) = 2*p**3 - 13*p**2 + 9*p - 14. Give c(6).
4
Let v(p) = -18*p - 87. Give v(-4).
-15
Let i(g) = 2*g**3 + 29*g**2 - 62*g - 914. What is i(-14)?
150
Let l(k) = 1705*k + 10224. What is l(-6)?
-6
Let w(s) = 2422*s + 4855. What is w(-2)?
11
Let a(m) = -m**2 - 23*m + 627. Determine a(16).
3
Let k(f) = 1185*f + 7159. Determine k(-6).
49
Let i(o) = 9*o**2 - 33*o - 29. Calculate i(6).
97
Let f(r) = -r**2 - 18*r - 72. Determine f(-14).
-16
Let f(l) = 8*l**2 - 10*l - 753. Calculate f(-9).
-15
Let u(r) = -3*r**2 + 21*r + 515. Determine u(-10).
5
Let h(g) = -23*g**2 - g - 8. Give h(-2).
-98
Let d(x) = -2*x**2 - 31*x + 46. What is d(-16)?
30
Let x(l) = -219*l - 9384. Give x(-43).
33
Let o(v) = -v**3 + 80*v**2 - 64*v - 137. Determine o(79).
1048
Let j(o) = -17*o - 2277. Determine j(-144).
171
Let q(c) = -14*c + 470. Give q(31).
36
Let k(c) = -60*c**2 - 11*c - 4. What is k(0)?
-4
Let s(m) = m**2 + 42*m + 216. What is s(-27)?
-189
Let w(j) = -j**3 - 18*j**2 - 57*j + 108. Determine w(-13).
4
Let w(c) = 8*c**2 - 18*c + 47. Determine w(3).
65
Let n(d) = d**3 + 4*d**2 - 11*d + 52. What is n(-9)?
-254
Let i(u) = -599*u + 4178. Give i(7).
-15
Let j(t) = 82*t**2 - 489*t - 7. What is j(6)?
11
Let x(y) = -118*y + 1264. Calculate x(11).
-34
Let p(m) = 3*m**2 + 256*m + 409. Calculate p(-84).
73
Let f(q) = -111*q + 1893. Determine f(17).
6
Let t(y) = y**3 - 39*y**2 - 256*y + 3541. Calculate t(43).
-71
Let g(z) = -863*z - 71613. Calculate g(-83).
16
Let h(q) = q**2 - 36*q - 4292. Give h(86).
8
Let k(i) = 4*i - 22. What is k(-15)?
-82
Let h(v) = -v**3 + 6*v**2 - 88*v + 338. Give h(4).
18
Let i(p) = -3*p**3 - 28*p**2 - 59*p + 11. Give i(-4).
-9
Let w(v) = v**2 - 66*v - 59. Calculate w(68).
77
Let m(i) = -327*i + 495. What is m(3)?
-486
Let s(t) = t**2 + 203*t - 979. Calculate s(5).
61
Let v(z) = -2*z**3 - 16*z**2 + 15*z + 161. What is v(-9)?
188
Let b(h) = -247*h - 1246. What is b(-5)?
-11
Let c(h) = -4*h**2 - 110*h + 49. Give c(-28).
-7
Let u(m) = 17*m + 371. Give u(-89).
-1142
Let a(z) = -27*z**2 - 736*z - 171. What is a(-27)?
18
Let i(f) = 2*f**2 - 17*f - 287. Calculate i(17).
2
Let v(t) = -52*t**2 + 1662*t + 78. What is v(32)?
14
Let m(x) = 13*x + 217. Calculate m(-50).
-433
Let u(h) = 90*h - 360. What is u(3)?
-90
Let c(g) = g**2 - 135*g - 4943. Determine c(-30).
7
Let t(d) = -d**2 + 169*d - 3478. Determine t(24).
2
Let r(f) = -f**3 - 19*f**2 + 122*f + 24. Calculate r(-24).
-24
Let y(d) = 3883*d + 11682. Calculate y(-3).
33
Let d(k) = -k**2 - 10*k - 45. Calculate d(-4).
-21
Let y(l) = 5*l**2 + 43*l + 61. Determine y(-7).
5
Let t(d) = -3*d**2 - 36*d - 22. Determine t(-11).
11
Let j(r) = -r**3 + 126*r**2 - 467*r - 2566. Calculate j(122).
-4
Let m(f) = -419*f + 404. Give m(1).
-15
Let w(a) = a**3 - 7*a**2 + 15*a + 11. Determine w(4).
23
Let t(u) = -u**3 + 13*u**2 + 6*u - 77. What is t(10)?
283
Let a(f) = 79*f - 6728. Calculate a(85).
-13
Let l(d) = -443*d - 7972. Give l(-18).
2
Let u(v) = -5*v**2 + 52*v - 48. Give u(11).
-81
Let s(p) = 10*p + 412. Determine s(-41).
2
Let y(q) = -71*q - 875. Calculate y(-9).
-236
Let z(t) = 9*t**3 - 179*t**2 - 17*t - 69. What is z(20)?
-9
Let s(h) = h**3 - 7*h**2 + 38*h - 208. Calculate s(6).
-16
Let o(i) = -3*i**2 + 31*i + 29. What is o(11)?
7
Let l(m) = -2*m**2 + 71*m - 181. Calculate l(32).
43
Let l(c) = -11*c + 59. What is l(5)?
4
Let s(x) = -x**3 - 3*x**2 + 45*x + 166. Give s(-5).
-9
Let p(i) = 8*i**2 + 57*i - 62. Determine p(-8).
-6
Let o(z) = -3*z**3 - 32*z**2 - 23*z - 38. Determine o(-10).
-8
Let f(h) = 36*h - 267. Determine f(9).
57
Let r(s) = -3*s**2 + 121*s - 1034. Calculate r(28).
2
Let q(x) = x**3 - 141*x**2 + 824*x - 1888. Determine q(135).
2
Let d(w) = -6*w**2 + 546*w + 6. What is d(91)?
6
Let r(y) = 13*y**2 - 1109*y - 1108. What is r(-1)?
14
Let x(j) = j**2 + 218*j - 2034. Calculate x(9).
9
Let a(f) = 13*f - 1454. Calculate a(112).
2
Let n(z) = -6*z**2 - 47*z - 104. What is n(-11)?
-313
Let w(p) = p**3 + 27*p**2 + 17*p - 233. Calculate w(-26).
1
Let u(m) = m**2 - 52*m + 571. Calculate u(37).
16
Let n(g) = 11*g**2 + 358*g - 356. Determine n(1).
13
Let y(c) = -1065*c - 3833